t is 102221220 (base 4) in base 3?
10212210100
Convert -2001003302 (base 4) to base 6.
-15155202
Convert -2132311331 (base 4) to base 3.
-1020001111002
Convert -121000302030 (base 4) to base 11.
-3779259
What is 7b9d3 (base 14) in base 16?
497f5
1130003301 (base 4) to base 15
76ad3
Convert 136025204 (base 7) to base 6.
515441355
What is -231dd1 (base 14) in base 8?
-4440523
What is -1a67b8 (base 12) in base 13?
-134b67
What is 2300301000 (base 4) in base 5?
141132112
Convert -2210011220021 (base 3) to base 14.
-2a73da
What is -102122202102221 (base 3) in base 16?
-5e88a4
Convert 549881 (base 10) to base 2.
10000110001111111001
What is 72a0aa3 (base 11) in base 5?
11243331022
Convert 110217 (base 16) to base 3.
2002122000020
What is 1b547 (base 14) in base 4?
101000023
What is -602 (base 15) in base 2?
-10101001000
Convert -100221101022220 (base 3) to base 14.
-9b71ca
What is 28363 (base 14) in base 13?
36369
-1133005 (base 7) to base 5
-14031233
What is -8b78d (base 14) in base 10?
-339009
Convert 2964365 (base 10) to base 5.
1224324430
Convert -1a63a40 (base 11) to base 4.
-31100123130
Convert 211200012021 (base 3) to base 15.
8c37a
What is -320616232 (base 7) in base 15?
-1a137e1
What is -1000010001011101 (base 2) in base 9?
-51430
Convert -1a2d96 (base 14) to base 16.
-e3168
c2a081 (base 16) to base 7
213262542
3222323344 (base 5) to base 15
901684
Convert -20150344 (base 6) to base 10.
-574264
What is 5ff9c (base 16) in base 3?
201222020212
-2e469c (base 15) to base 2
-1000100011011111000001
What is 2701664 (base 8) in base 9?
1370117
Convert -100211101111122 (base 3) to base 2.
-10011111011010011100101
What is 1420520 (base 6) in base 9?
132433
What is -3435522 (base 6) in base 16?
-2b06a
What is 11241103 (base 5) in base 3?
12012210222
What is -531341345 (base 6) in base 7?
-142106540
What is 723159 (base 13) in base 10?
2663007
Convert -10dcc6 (base 16) to base 10.
-1105094
Convert 8a04b1 (base 12) to base 7.
24455164
22120002200112 (base 3) to base 2
10001010110100001111011
What is -bccb8c (base 15) in base 2?
-100010010110001011010100
What is -50599 (base 10) in base 13?
-1a053
Convert 10233102331 (base 4) to base 6.
42343221
What is 11956 (base 14) in base 13?
16759
-4b9b (base 14) to base 10
-13269
9c83 (base 16) to base 11
28115
-1174555 (base 8) to base 12
-1387a5
Convert 1667055 (base 8) to base 12.
1b5979
506041 (base 7) to base 13
3027a
Convert 153340 (base 11) to base 9.
403333
What is -48b31 (base 14) in base 6?
-3451115
Convert -45383 (base 12) to base 3.
-11200100200
Convert -21315 (base 7) to base 15.
-1889
Convert 121120221010 (base 3) to base 15.
66b46
6837 (base 14) to base 6
215413
What is 4300550 (base 10) in base 2?
10000011001111100000110
What is f2025 (base 16) in base 11?
617834
98861 (base 11) to base 14
3a3c8
What is 71679 (base 14) in base 9?
455355
What is -2254567 (base 8) in base 6?
-21044411
-133023031122 (base 4) to base 11
-4682035
-2754c (base 13) to base 8
-217302
Convert -11100000011000000001001 (base 2) to base 12.
-25669a1
Convert 1000020111221001 (base 3) to base 5.
12201232113
124132432 (base 5) to base 9
1136236
935210 (base 12) to base 16
2341ec
What is -202113211 (base 4) in base 7?
-1124263
100100000011001010 (base 2) to base 4
210003022
What is 42602620 (base 7) in base 3?
20211111012211
What is 20011012312 (base 4) in base 11?
1217379
-1252151 (base 7) to base 5
-20222124
What is -7584046 (base 9) in base 4?
-33201311322
116cb6 (base 14) to base 2
10010001010100010000
-104004544 (base 7) to base 16
-5f2b76
Convert -1181792 (base 10) to base 2.
-100100000100001100000
-112a8 (base 14) to base 9
-63173
Convert -16fdb8 (base 16) to base 11.
-93a048
What is -17624313 (base 9) in base 12?
-2b7b263
218752 (base 9) to base 6
2450545
Convert 202210210 (base 4) to base 8.
424444
What is -1033770 (base 8) in base 12?
-113bb4
1100111110011101 (base 2) to base 16
cf9d
Convert -2316853 (base 10) to base 4.
-20311220311
What is 26a93 (base 15) in base 14?
33212
What is -820b6 (base 12) in base 15?
-3533c
What is 1e952 (base 15) in base 5?
11144402
4103303 (base 5) to base 14
1a11c
Convert -55616622 (base 7) to base 9.
-10043210
1201412131 (base 5) to base 6
135121332
Convert -223b9 (base 14) to base 3.
-11012221201
What is 11220020201 (base 3) in base 5?
11041114
Convert -106271 (base 8) to base 4.
-20302321
What is 532b37 (base 12) in base 4?
11000023123
Convert -3114430 (base 5) to base 11.
-35552
What is 30d1 (base 16) in base 4?
3003101
3442843 (base 9) to base 6
103502020
1636532 (base 7) to base 5
24244040
What is 2010123303 (base 4) in base 7?
4416330
What is -57752 (base 11) in base 16?
-145e2
What is -45543621 (base 7) in base 15?
-538749
-14011 (base 5) to base 9
-1486
What is -415265 (base 9) in base 4?
-330031133
Convert -4627525 (base 9) to base 11.
-1457356
Convert -682597a (base 11) to base 15.
-10b22c7
-1b3499 (base 14) to base 7
-11145452
What is 28697 (base 12) in base 10?
56275
-2353173 (base 9) to base 6
-43155320
-646281 (base 11) to base 9
-1844235
Convert -2678409 (base 10) to base 15.
-37d909
What is 3241303 (base 5) in base 11?
38a43
-1624546 (base 7) to base 12
-aa214
-13a719c (base 13) to base 7
-104025115
335866 (base 10) to base 5
41221431
What is 1005b0c (base 13) in base 16?
49d8f1
What is -20232111220 (base 4) in base 5?
-1041140302
What is 1eacb (base 16) in base 10?
125643
What is -88595 (base 11) in base 10?
-128485
Convert -15b411a (base 12) to base 13.
-c04600
Convert 88791 (base 11) to base 16.
1f6d3
11002201221 (base 4) to base 10
1321065
Convert 12165250 (base 7) to base 12.
447a7a
What is -63b225 (base 13) in base 8?
-10726271
100001123 (base 6) to base 2
110011010001000001011
-36d1d (base 14) to base 2
-100000110010001111
Convert -55345540 (base 7) to base 5.
-2210033343
Convert -3223304444 (base 5) to base 14.
-ca5a17
15a206 (base 12) to base 7
3100653
146005 (base 12) to base 16
53885
1ba096 (base 13) to base 9
1287524
Convert -1210112220 (base 3) to base 2.
-1000101001000010
Convert -5b4412 (base 14) to base 3.
-12212200121011
-20050545 (base 7) to base 16
-1951e9
Convert -1011100101100110010 (base 2) to base 5.
-44122243
What is 10001211000 (base 3) in base 2?
1110101111010100
Convert e8737 (base 16) to base 11.
5a0383
-153024 (base 8) to base 10
-54804
Convert -b55b04 (base 15) to base 7.
-133213351
Convert -11312022223 (base 4) to base 3.
-2212212022111
What is 9039251 (base 10) in base 3?
122000020112002
What is -21421131 (base 6) in base 12?
-26a7a7
Convert 21269c (base 15) to base 4.
12001022112
10000010001111011001110 (base 2) to base 6
231245554
-133a830 (base 13) to base 16
-5c4fc4
Convert 3101444232 (base 5) to base 16.
5fd7e8
32131101 (base 4) to base 12
2a329
What is -10001101111101001010 (base 2) in base 14?
-111c82
What is -1211202111211 (base 3) in base 6?
-32554204
What is -12122210022220 (base 3) in base 16?
-2de385
-24512384 (base 9) to base 12
-4025871
10338 (base 15) to base 10
51353
Convert 10000011100010001101 (base 2) to base 4.
2003202031
Convert 1938a (base 15) to base 2.
10011111110001101
What is -ad1a5 (base 14) in base 4?
-1212211031
-5959a3 (base 11) to base 7
-11013520
Convert -a85a31 (base 15) to base 2.
-11110100101100000000001
404320003 (base 6) to base 11
3a0440a
What is -6aa694 (base 11) in base 9?
-2106671
Convert 484975 (base 10) to base 13.
13c98a
858698 (base 10) to base 8
3215112
Convert -193822b (base 12) to base 6.
-305345255
Convert 138084 (base 13) to base 10.
474660
What is 3a37c (base 14) in base 3?
21021200121
What is 11020001122 (base 3) in base 10?
83150
-111101100101110001001 (base 2) to base 10
-2018185
What is -564b51 (base 14) in base 15?
-3cdeb4
Convert 128286 (base 11) to base 3.
101020011012
Convert 319935 (base 10) to base 2.
1001110000110111111
Convert -3c5e (base 15) to base 3.
-122201022
240000342 (base 6) to base 10
4479110
-61394e (base 15) to base 2
-10001100111101101011011
41256 (base 11) to base 9
101516
94133 (base 16) to base 13
1830b0
What is -425523 (base 8) in base 14?
-39b47
10102234 (base 6) to base 4
1012113232
917517 (base 11) to base 5
334132130
What is -1136b (base 12) in base 6?
-254215
-d984d (base 14) to base 13
-1553b8
What is 171178 (base 11) in base 10?
265075
What is -21125041